14759
List the prime factors of 304251.
3, 37, 2741
What are the prime factors of 171652?
2, 13, 3301
List the prime factors of 2060937.
3, 37, 2063
What are the prime factors of 26456210?
2, 5, 11, 23, 10457
List the prime factors of 128539.
173, 743
List the prime factors of 1151665.
5, 17, 797
What are the prime factors of 25678556?
2, 197, 32587
List the prime factors of 164680.
2, 5, 23, 179
List the prime factors of 13328350.
2, 5, 7, 113, 337
List the prime factors of 217553.
7, 31079
List the prime factors of 60079.
73, 823
List the prime factors of 3360129.
3, 271, 4133
What are the prime factors of 2025000?
2, 3, 5
What are the prime factors of 240754?
2, 17, 73, 97
What are the prime factors of 13586792?
2, 1698349
List the prime factors of 6320724.
2, 3, 29, 41, 443
List the prime factors of 10191932.
2, 31, 82193
What are the prime factors of 3583417?
3583417
What are the prime factors of 23994698?
2, 7, 13, 131839
List the prime factors of 20221319.
20221319
List the prime factors of 737758.
2, 7, 52697
What are the prime factors of 4635185?
5, 43, 21559
What are the prime factors of 376490?
2, 5, 37649
What are the prime factors of 490299?
3, 163433
List the prime factors of 328057.
251, 1307
What are the prime factors of 1949766?
2, 3, 7, 13, 3571
What are the prime factors of 282745?
5, 193, 293
What are the prime factors of 99063?
3, 1223
List the prime factors of 1955276.
2, 23, 53, 401
List the prime factors of 4056954.
2, 3, 11, 61469
What are the prime factors of 111635?
5, 83, 269
What are the prime factors of 146627?
13, 11279
List the prime factors of 862298.
2, 241, 1789
List the prime factors of 431232.
2, 3, 1123
List the prime factors of 591917.
41, 14437
List the prime factors of 2567788.
2, 43, 14929
List the prime factors of 212838.
2, 3, 19, 1867
What are the prime factors of 150007?
11, 13, 1049
What are the prime factors of 110782?
2, 7, 41, 193
What are the prime factors of 22135688?
2, 937, 2953
List the prime factors of 9525479.
19, 501341
What are the prime factors of 2296842?
2, 3, 382807
List the prime factors of 373746.
2, 3, 167, 373
What are the prime factors of 1982423?
37, 131, 409
What are the prime factors of 14178722?
2, 7089361
What are the prime factors of 550749?
3, 17, 10799
What are the prime factors of 52303?
193, 271
List the prime factors of 272591.
11, 24781
List the prime factors of 1001328.
2, 3, 23, 907
List the prime factors of 20046880.
2, 5, 7, 2557
What are the prime factors of 231154?
2, 7, 11, 19, 79
List the prime factors of 787888.
2, 23, 2141
What are the prime factors of 2574734?
2, 283, 4549
What are the prime factors of 1453764?
2, 3, 13, 9319
What are the prime factors of 710578?
2, 11, 32299
What are the prime factors of 29584386?
2, 3, 13, 17, 37, 67
List the prime factors of 53824.
2, 29
List the prime factors of 548513.
7, 127, 617
What are the prime factors of 217138?
2, 151, 719
List the prime factors of 21552.
2, 3, 449
List the prime factors of 3886059.
3, 293, 4421
List the prime factors of 11426469.
3, 23, 165601
What are the prime factors of 21125991?
3, 353, 19949
What are the prime factors of 227141?
197, 1153
List the prime factors of 24499204.
2, 6124801
What are the prime factors of 10900484?
2, 7, 389303
What are the prime factors of 4299506?
2, 41, 52433
What are the prime factors of 2956203?
3, 103, 1063
List the prime factors of 101149.
101149
What are the prime factors of 4033485?
3, 5, 89633
What are the prime factors of 217280?
2, 5, 7, 97
What are the prime factors of 2450183?
19, 43, 2999
What are the prime factors of 34304?
2, 67
List the prime factors of 226594.
2, 19, 67, 89
List the prime factors of 31750708.
2, 11, 29, 149, 167
List the prime factors of 1102570.
2, 5, 7, 19, 829
List the prime factors of 1107795.
3, 5, 13, 19, 23
List the prime factors of 3702124.
2, 17, 54443
List the prime factors of 763159.
763159
What are the prime factors of 11648055?
3, 5, 43, 18059
List the prime factors of 14999964.
2, 3, 7, 178571
List the prime factors of 66904.
2, 8363
What are the prime factors of 4308437?
7, 615491
What are the prime factors of 7265481?
3, 173, 13999
List the prime factors of 33643445.
5, 11, 55609
List the prime factors of 101079.
3, 11, 1021
What are the prime factors of 15232541?
15232541
List the prime factors of 121482.
2, 3, 17, 397
List the prime factors of 779849.
7, 37, 3011
What are the prime factors of 574811?
233, 2467
List the prime factors of 437543.
437543
List the prime factors of 10321343.
547, 18869
List the prime factors of 27096818.
2, 7, 41, 47207
What are the prime factors of 15721469?
61, 97, 2657
What are the prime factors of 10597135?
5, 23, 43, 2143
List the prime factors of 159430.
2, 5, 107, 149
What are the prime factors of 1532711?
19, 80669
List the prime factors of 163270.
2, 5, 29, 563
What are the prime factors of 446598?
2, 3, 43, 577
What are the prime factors of 11668450?
2, 5, 109, 2141
What are the prime factors of 125148?
2, 3, 10429
What are the prime factors of 39942757?
97, 509, 809
What are the prime factors of 28978?
2, 14489
What are the prime factors of 1588823?
29, 54787
List the prime factors of 4011970.
2, 5, 61, 6577
List the prime factors of 2984437.
89, 33533
What are the prime factors of 158263?
7, 23, 983
What are the prime factors of 444186?
2, 3, 24677
List the prime factors of 1196878.
2, 598439
What are the prime factors of 9292241?
7, 733, 1811
What are the prime factors of 13622365?
5, 79, 34487
List the prime factors of 1042679.
11, 94789
List the prime factors of 118867.
7, 16981
What are the prime factors of 1753388?
2, 7, 13, 4817
What are the prime factors of 498452?
2, 29, 4297
What are the prime factors of 1389480?
2, 3, 5, 11579
What are the prime factors of 82214?
2, 11, 37, 101
What are the prime factors of 9016103?
17, 530359
What are the prime factors of 8919991?
991, 9001
What are the prime factors of 275623?
275623
What are the prime factors of 19366508?
2, 7, 691661
What are the prime factors of 1878164?
2, 469541
List the prime factors of 4793686.
2, 113, 21211
List the prime factors of 266915.
5, 11, 23, 211
List the prime factors of 97049.
107, 907
What are the prime factors of 247757?
109, 2273
What are the prime factors of 181443?
3, 31, 1951
List the prime factors of 558184.
2, 11, 6343
What are the prime factors of 1648822?
2, 7, 117773
What are the prime factors of 187827?
3, 137, 457
List the prime factors of 1771080.
2, 3, 5, 14759
List the prime factors of 697359.
3, 13, 17881
List the prime factors of 1398346.
2, 41, 17053
List the prime factors of 18316464.
2, 3, 23, 47, 353
List the prime factors of 925099.
7, 132157
List the prime factors of 25623751.
53, 483467
List the prime factors of 1423929.
3, 13, 29, 1259
List the prime factors of 286827.
3, 67, 1427
List the prime factors of 1988640.
2, 3, 5, 1381
What are the prime factors of 3522726?
2, 3, 23, 67, 127
List the prime factors of 525125.
5, 4201
What are the prime factors of 1714024?
2, 13, 16481
List the prime factors of 25832177.
7, 139, 191
List the prime factors of 214924.
2, 53731
List the prime factors of 17743293.
3, 219053
What are the prime factors of 582764?
2, 7, 13, 1601
What are the prime factors of 4225178?
2, 37, 57097
What are the prime factors of 340927?
340927
What are the prime factors of 7128488?
2, 891061
List the prime factors of 2351490.
2, 3, 5, 103, 761
What are the prime factors of 128213?
128213
List the prime factors of 754775.
5, 7, 19, 227
What are the prime factors of 28771003?
47, 612149
What are the prime factors of 7449956?
2, 1862489
What are the prime factors of 480359?
11, 43669
What are the prime factors of 954460?
2, 5, 13, 3671
List the prime factors of 1655485.
5, 13, 25469
List the prime factors of 5532740.
2, 5, 276637
List the prime factors of 990848.
2, 7741
List the prime factors of 2469724.
2, 479, 1289
What are the prime factors of 5269335?
3, 5, 351289
List the prime factors of 182934.
2, 3, 10163
List the prime factors of 132370.
2, 5, 7, 31, 61
List the prime factors of 8180115.
3, 5, 41, 47, 283
What are the prime factors of 6011347?
47, 79, 1619
What are the prime factors of 31478876?
2, 11, 13, 5003
List the prime factors of